 - 3*s - 1/6*s**3. Give m(0).
5
Let m(p) = -p**3 + p**2 - 3. Suppose 4*s + 3*l = 3*s - 12, 0 = -s + 3*l + 12. Suppose s*t = -2*t. Give m(t).
-3
Let k(c) be the third derivative of 1/2*c**3 + 0*c + 0 - c**2 + 1/8*c**4. Give k(-3).
-6
Suppose 0 = 5*h + 4*x - 8, x + 3*x = h - 16. Let z(y) = 2*y - 3*y + 2 - y**2 + 6*y. What is z(h)?
6
Let x(h) = h**2 + 8*h + 10. Suppose -2*y = -5*y - 24. Determine x(y).
10
Let a = 3 + -7. Let n(w) = -6*w**3 + 2 + 2 - 4*w**2 + 5*w**3. Give n(a).
4
Let n(o) = o**3 - 4*o**2 - 4*o - 3. Let b = 11 + -8. Let j = b + 2. Determine n(j).
2
Let c(m) = 3*m + 4. Let d be c(-3). Let g(t) = 3*t**2 + 6*t + 4. Suppose 5 = -i - 6. Let w(z) = -16*z**2 - 30*z - 20. Let f(r) = i*g(r) - 2*w(r). Give f(d).
1
Let d(z) = z + 2. Let v be 2 + (-4 - -4) + -4. Determine d(v).
0
Let r(u) = -u**2 + 6*u - 3. Suppose -m - m + 5*f = -14, 2*m - 6 = f. Determine r(m).
5
Let l(z) = -4*z**2 + 2*z + 1. Let t(k) = -k + 8. Let o = -6 - -10. Suppose -p + 9 = o*b, 2*b + 45 = 5*p - b. Let u be t(p). Give l(u).
-5
Let u(q) be the first derivative of -3 - 1/2*q**2 - 8*q. What is u(0)?
-8
Suppose 3*b - 11 = -2. Suppose b*t - 6 = 6*t. Let c(a) = -a**2. Let n(x) = 2*x**2 - 2*x - 3. Let i(f) = c(f) + n(f). What is i(t)?
5
Let i(d) = -d**3 - d - 3. Let l(a) = 6*a**3 - 2*a**2 + a**2 + 1 - 5*a**3. Let w be l(-1). Let f be (2 + -2)/(1 - w). What is i(f)?
-3
Let h be (-12)/14*(36 - 29). Let k(o) be the first derivative of -o**4/4 - 7*o**3/3 - 7*o**2/2 + 6*o + 1. Calculate k(h).
12
Let m be 3/(-6)*-2*4. Suppose 0 = 5*k - 0*k. Suppose k + 12 = -m*s. Let w(g) = -g**3 - 4*g**2 - 2*g. What is w(s)?
-3
Let r be (30/(-3))/(-2)*1. Let m(g) = r - 3*g + 0*g + g. Determine m(5).
-5
Let u(s) be the third derivative of s**6/120 + s**5/20 - s**4/6 - s**3/6 + 3*s**2. Give u(-4).
-1
Let m(w) = w**2 + 7*w + 8. Let f = 24 + -30. Give m(f).
2
Let k = 4 + -3. Let i = 4 + k. Let j(m) = i - 6 - 2*m - 2. What is j(-2)?
1
Let a(l) = l**3 - l**2 + 2*l + 3. Let j be a(0). Let p(k) = -4*k**2 + k + j*k**2 + 7*k**2. Give p(-1).
5
Let w(s) = -2 - 5 + 2 + 3*s. Suppose -2 = 2*h + h - t, 5*h - 4*t = -8. Let l = h - -4. Determine w(l).
7
Suppose w = -2 - 1. Let n(h) = -h - 3. Determine n(w).
0
Let h(m) = -m. Let c be h(4). Let w(t) = -2 - 4*t**2 + t**2 + 2*t**2 - 3*t. Give w(c).
-6
Let i(l) = l - 2. Let f be i(7). Let o(j) = -f + 3*j**2 - 7*j**2 + 0*j**2 + 6 - j. Give o(1).
-4
Let l be ((-1)/(-3))/((-1)/(-18)). Suppose -4*f - l + 26 = 0. Let q(h) = 1 + 1 + f + 0*h - 2*h. Give q(6).
-5
Let l be (-15)/60 + 18/8. Let z(y) = y**2 - 4*y + 3. Determine z(l).
-1
Let h(n) = -10*n + 3. Let k(q) = 7*q - 2. Let m(v) = 5*h(v) + 7*k(v). What is m(-4)?
5
Let p(d) = 9 - 13*d - 15*d + 27*d. What is p(4)?
5
Let j(g) = g - 8. Let k be j(10). Let n(d) = d**2 - 2*d + 2. Determine n(k).
2
Let t(k) = k**2 - 2*k. Let m be t(3). Let a(z) = -1 + 1 + m + z. Let c = 4 - 8. Calculate a(c).
-1
Let n(t) = -1 + 5*t**2 + t - 3*t**2 + 3*t**2 - 3*t - 4*t**2. Let m be (-5)/(1 - 2 - -2). Let d = -7 - m. Determine n(d).
7
Let u(d) = d**2 + d. Let q(g) = 1 + 3 - 5*g**2 - 2 - 6*g + 5*g. Let x(f) = q(f) + 6*u(f). What is x(-4)?
-2
Let n(z) = 12*z - 7. Let f(g) = 6*g - 4. Let l(k) = -7*f(k) + 4*n(k). Suppose 3*y + 11 = -x + 2*x, 0 = 3*x + y + 7. Determine l(x).
-6
Let g(q) = q**2 + 6*q - 6. Let p = 4 + -1. Suppose x = -3*x. Suppose x = z - p*z - 10. Calculate g(z).
-11
Let u(x) be the first derivative of x**4/4 - x**2/2 + 7*x + 8. Determine u(0).
7
Let n = 5 - 2. Suppose 5*p - 11 = 9. Let s(q) = 0*q**2 + 4*q + p - 3 - 2*q**2. Determine s(n).
-5
Let j(p) = -p**2 - 2*p + 1. Suppose -5*v - 2*a = 5, 0 = 3*a + 19 - 4. What is j(v)?
-2
Let r(g) = g - 6. Let c be r(8). Let b(o) = -o**2 + 4*o. Let x be b(c). Let u(i) = 0*i + 6 + 2*i - 6*i. Determine u(x).
-10
Let i(m) = -4 + 5 + 5*m**2 - 6*m**2 + 4*m. Suppose -4*x + 1 = -3*x - 2*j, 4*j = 5*x - 11. Calculate i(x).
4
Let c be (10 - (2 - -1))*-1. Let m(j) = j**2 + 8*j + 6. Calculate m(c).
-1
Let j(s) = 0*s**2 - 2*s**3 + 3*s**3 + 6 - 1 - 9*s**2. Let h be j(9). Let u(y) be the second derivative of -y**3/6 + 3*y**2 - 2*y. Calculate u(h).
1
Suppose -w + 4 + 0 = 0. Let v be ((-2)/4)/(w/40). Let r(k) = 2*k + 5. Calculate r(v).
-5
Let y(q) = 2*q - 7 + 22 + 0*q - q. Give y(-8).
7
Let i(v) = -v**3 + 13*v**2 - 11*v - 15. Let k be i(12). Let t(g) = -29*g - 2. Let f(u) = -15*u - 1. Let d(b) = k*t(b) + 5*f(b). Calculate d(1).
13
Let b(k) = -k**2 - 15*k - 11. Let f(q) = q**2 + 14*q + 10. Let z(w) = -6*b(w) - 7*f(w). What is z(-6)?
8
Let x(b) = b**2 + 4*b + 3. Let j be 4/(-14) + (-144)/(-14). Let k = 16 - 10. Let u = k - j. What is x(u)?
3
Let q(a) = 12*a**2 - 2*a - 1. Let l(r) = 3*r + 8. Let v be l(-3). Determine q(v).
13
Let c = -10 - -18. Suppose 0 = -c*t + 4*t. Let o(d) = -7 + t*d**2 - d**2 + 2 + 7*d. Calculate o(5).
5
Suppose 4*o = -0*o + 16. Let q(x) = x - 6. Let d(l) = -l + 5. Let f(h) = -3*d(h) - 4*q(h). Give f(o).
5
Let v(f) = -3 + 2*f**2 + f**3 - 4*f**2 + 0*f + 4*f. Let l be v(2). Let c(j) be the first derivative of -j**2/2 + 3*j + 4. Give c(l).
-2
Let p(c) be the first derivative of c**3/2 - c**2 - 3*c - 1. Let l(t) be the first derivative of p(t). What is l(2)?
4
Suppose 3*h = k, 3*k + 10 = -k + 2*h. Let n(i) = -2*i - 4. Let s(g) = -1 + g - 2*g + 2*g + 0*g. Let y(a) = k*s(a) + n(a). What is y(-1)?
4
Let k(f) = -f**2 + 3. Suppose -7 = -o - 3*z, o + 5*z = -1 + 2. Let d = -16 + o. What is k(d)?
3
Let q(a) = -2 + 4*a**2 + 2*a**2 - 4*a**2 - 8*a. Let p(g) = 3*g**2 - 12*g - 3. Let v(u) = -5*p(u) + 7*q(u). Give v(4).
1
Let j(m) = -m**2 - 9*m + 1. Let c be j(-9). Suppose -2*u + 3*u = -c. Let d(x) = 8*x**2 - 1. Calculate d(u).
7
Suppose -137*p + 132*p = -15. Let a(o) = o**2 - 4*o - 4. Calculate a(p).
-7
Let s(l) = -l**2 + 1. Let h(y) = -2*y**2 - 7*y + 6. Let r(g) = -h(g) + 3*s(g). Let d be (-2 + 1)/(6/(-30)). Calculate r(d).
7
Let v be (2 + -1)/((-8)/(-16)). Suppose 4*i = 2 + v. Let f(t) = -11*t + 1. Calculate f(i).
-10
Suppose 5*w - 49 = 3*x + 5, w + 3*x = 0. Let g(d) = -3*d**2 - 3*d - 5. Let t(s) = -7*s**2 - 6*s - 10. Let i(q) = w*g(q) - 4*t(q). What is i(4)?
-1
Let c(q) = 2*q - 12. Let z(t) = -t + 1. Let p(k) = c(k) + 3*z(k). Let m(n) = n**3 + 2*n**2 + 2*n + 1. Let f be m(-1). Determine p(f).
-9
Let t(l) = -l**3 + 1 + 3 + 1 - 7*l**2 - 6*l. Let i be t(-6). Let v(o) be the first derivative of -o**2/2 - 4*o - 1. What is v(i)?
-9
Suppose 3*p - 16 = 2. Let j = -4 + p. Let k(f) = -f**3 + 3*f + 0 - 6*f - 1 + j*f - 2*f**2. Determine k(-2).
1
Let t(q) = -q + 1. Let n(c) = 7*c. Let g(a) = n(a) + 6*t(a). What is g(-6)?
0
Let r(d) = -12*d**2 - d - 1. Suppose 0 = h + 16 - 15. Determine r(h).
-12
Let s be (1 - -1) + (-4)/(-2). Let y be 4/(-24) + (-13)/(-6). Let g(o) = -3*o + 3*o + 4 - s*o**y + 3*o**2. Calculate g(0).
4
Let s(x) = x**2 - 2. Let y = 59 - 56. Give s(y).
7
Let n = -8 + 5. Let t(h) = h**2 + 4*h + 1. Let d be t(-4). Let m(c) = -c - d + 0*c + 2*c. Calculate m(n).
-4
Let z(j) be the third derivative of j**4/24 + 7*j**3/6 + 2*j**2. Let w = 39 - 43. What is z(w)?
3
Let o(c) = 3*c**3 + 3*c**2 - 7*c - 3. Let f(m) = m**3 + 2*m**2 - 3*m - 1. Let a(h) = -5*f(h) + 2*o(h). Give a(4).
3
Let h = -1 - -6. Suppose -4*r = 5*j - 7*r + 17, h*j - 11 = -4*r. Let q(l) = 41*l - 4. Let s(m) = 10*m - 1. Let a(f) = -2*q(f) + 9*s(f). What is a(j)?
-9
Let i(v) = -2*v**2 + 5*v + 5. Let k(n) = -n**2 + 6*n + 4. Let p(f) = 2*i(f) - 3*k(f). Give p(-6).
10
Let b(k) be the first derivative of -k**2/2 + 24*k - 12. Calculate b(0).
24
Let x(v) = -v**2 + 4*v + 1. Let a be (3*(-5)/(-15))/((-1)/(-3)). Calculate x(a).
4
Let p(j) = j - 10. Let s be p(14). Let k(x) = 2*x**2 - 6*x + 4. Calculate k(s).
12
Let d(z) = -9*z. Let o(a) = -a**2 + 13*a + 1. Let p be o(13). Calculate d(p).
-9
Let t(u) be the first derivative of 3 + 7*u + 4*u**2 + 1/3*u**3. What is t(-5)?
-8
Let i(o) = 5*o - 11. Let a(q) be the first derivative of -7*q**2 + 32*q + 4. Let w(m) = 4*a(m) + 11*i(m). Calculate w(0).
7
Let o(k) be the first derivative of 2*k**2 + k + 6. Give o(1).
5
Let s(j) = 0 + 2 - 1. Let y(n) = -2*n + 6. Let u(o) = -o**3 + 8*o**2 + 9*o + 1. Let f be u(9). Let a(i) = f*y(i) - 5*s(i). Calculate a(-2).
5
Let o(u) = -u - 9. Suppose 0 = 4*i - 16, r - i - 3*i = -24. What is o(r)?
-1
Let n(q) = 2*q - 17. Let i be n(13). Let j be -1 - (-1)/(3/i). Let a(b) = -3 + 2 + 3*b -